er?
True
Suppose 4*c + q - 35 = 0, c + 2*c = 3*q + 30. Let n(h) = -c + 10*h + 10 + 10 + 24*h**2. Is n(-6) a composite number?
True
Suppose -5*u - 2*b - 6397 = 3176, -4*b - 9581 = 5*u. Let n = u + 5541. Suppose 28*h - 32*h = -n. Is h a prime number?
True
Suppose -18*v + 16*v - 24 = y, -4*y + 60 = -5*v. Is (20/v - -2)/(6/167526) a composite number?
True
Is ((-17)/51)/(13/(-312897)) composite?
True
Suppose 2*w - 7*w - b = -22, b = -3. Suppose -10*q + w*q = -265. Is q a composite number?
False
Let w be -11 + -8 - (3 - 1). Let c = -56 - w. Let u = 594 - c. Is u prime?
False
Suppose 8*w = 14*w - 186. Suppose 0 = 6*y - 2*y - 12, -5*m - 2*y + w = 0. Is -111*416/(-20) + 1/m a composite number?
False
Let i be (-22)/4 - 2/(-4). Let h(a) = 240*a + 87. Let x(o) = 122*o + 54. Let c(z) = -3*h(z) + 5*x(z). Is c(i) prime?
False
Let n be (-3)/15 - (-507624)/(-30). Let t = -10963 - n. Suppose 3*x = 2*i + i + t, 0 = -i - 5. Is x a composite number?
True
Let k(b) = 4*b**3 - 23*b**2 + 102*b + 131. Is k(28) composite?
False
Is -9*((-4)/(-3) + 17 + -18) + 28742 a prime number?
False
Suppose -122*g = -636461 + 13177 - 91148. Let x(q) = -q**3 + 5*q**2 + 5. Let k be x(5). Suppose 3*h - 7*f - g = -4*f, -k*f - 7811 = -4*h. Is h prime?
True
Let o(g) = 29*g**2 + 4*g - 22. Let d be o(10). Is -1*d/(-5) - (-9)/(-15) prime?
False
Suppose 18*m = 9*m + 342207. Suppose 3*u - 2 = 2*u, m = 5*x + 4*u. Is x a composite number?
False
Let a be (3/(9/1074))/(12/90). Suppose 3*j - a = 3*i - 0*i, 0 = 3*j + 2*i - 2685. Is j prime?
False
Is (-18)/207 + (-2 - (-201)/69)*304243 prime?
True
Suppose 5*q - 127118 = m, -3*m + 2*m = -2*q + 50849. Is q prime?
True
Let f(o) = -5*o**2 - 8*o + 54. Let d be f(-13). Suppose -2*a + 4656 = 4*s + 2*a, 3*s - 3*a - 3516 = 0. Let r = s + d. Is r composite?
True
Let c(x) = -3*x + 47 - x + 15*x - 2*x. Is c(34) a composite number?
False
Suppose -3637147 = -13*d + 2083984. Is d a prime number?
True
Suppose 0 = -3*r + 4*m + 1663, 0 = -r - 3*m - 0*m + 550. Let k = r - 316. Let q = k - 150. Is q a prime number?
False
Let g = 624 - 571. Suppose 0 = -11*k - g*k + 1669312. Is k prime?
True
Let h(c) = -4*c + 51. Let f be (1 + 0 - 1)/(-7 + 5). Let u be h(f). Suppose -55*y + u*y + 460 = 0. Is y a composite number?
True
Let o(j) = -10*j**2 + 6*j - 7. Suppose -18 = b + 5*b. Let q(k) = -20*k**2 + 12*k - 14. Let u(t) = b*q(t) + 5*o(t). Is u(6) prime?
True
Let n(t) = 10*t**3 + 3*t**2 - 10*t + 14. Let y be n(6). Suppose -2*z - 3*k + 5569 = 3*z, -2*z - 4*k + y = 0. Is z composite?
True
Let v = 17003 - -103638. Is v composite?
False
Let s(x) be the second derivative of 0 + 5/12*x**4 - 11*x**2 - 3*x - 11/6*x**3. Is s(16) composite?
True
Let o = 22050 - 14605. Is o prime?
False
Let c be (-33591)/(3 + 408/(-128)). Suppose 0 = 7*w + 9*w - c. Is w a composite number?
False
Let z(a) = 550*a**3 - 4*a**2 - 4. Let p be z(4). Suppose 0*s + 2*s + p = 4*b, -b + 5*s + 8801 = 0. Is b composite?
True
Suppose -76*u - 3*f + 492534 = -73*u, 0 = -5*f - 25. Is u prime?
True
Let j be (-2182)/4*(7 + -21). Let z = -4296 + j. Is z a composite number?
True
Let c(k) = 2*k**2 + 31*k + 69. Let h be c(-13). Is (39519/(-18))/((5 - h)/(-6)) a composite number?
True
Suppose 99*x = 103*x + 16332 - 492404. Is x composite?
True
Let z(t) = 1 + 923*t**2 + 0 + 500*t**2 + t. Suppose 4*a + 4 = -0. Is z(a) a composite number?
False
Let z be -1 - -6279 - (0/3)/(-5). Let u = -4478 + z. Is u + (-4 - (-5 + 4)) a composite number?
True
Let i(k) = -k**3 - 10*k**2 - 3*k + 45. Let x = 170 - 192. Is i(x) prime?
False
Suppose 58*o = 13*o - 66*o + 9426231. Is o a prime number?
False
Suppose -3*r - 98*v + 96*v + 489717 = 0, 5*v - 326456 = -2*r. Is r a composite number?
False
Is 35/5 - (3 + -3 + -561072) prime?
True
Let a = 263 - 278. Is (-3)/a - (-27568)/10*1 composite?
True
Let c(b) = 2*b**3 - 12*b**2 - 15*b + 7. Let a be c(7). Suppose -8*q - 16*q + 90888 = a. Is q composite?
True
Suppose 1480 = 19*j - 14*j. Suppose -j = -3*s + 5*f + 81, -3*s - f = -353. Is s composite?
True
Suppose 5*m = -4*b - 70, 5*m + 9*b = 10*b - 45. Is 504/m*-203 - 12/60 prime?
False
Let n = 115 + -81. Suppose n*m = 30*m + 2260. Is m prime?
False
Let i be 28/2310*11 - (-20464)/(-30). Let t = i + 5073. Is t composite?
False
Suppose 0 = 3*o + 523 + 101. Let f = o + 215. Is f a prime number?
True
Let s = 36908 + -4339. Is s a prime number?
True
Let z(c) = 23209*c + 898. Is z(7) composite?
True
Let o be (-11)/((-77)/(-7)) - (0 - -28420). Let z = 1496 - o. Is z a composite number?
False
Let o(j) = -3*j + 4. Let f be o(-3). Let p = f - 6. Suppose p*t - 15538 = 1521. Is t a composite number?
False
Let z(l) = -4*l - 73. Let w be z(-19). Suppose w*t + 4*g = 3211, 10*t - 12*t + 2179 = -5*g. Is t composite?
True
Let a(q) = 2*q**2 - 31*q - 317. Let n be a(-7). Let k(u) = 3*u + 1. Let y be k(-3). Is (-8)/16 - n*(-806)/y prime?
False
Let l be (-10)/(-4) + 10/20. Suppose 0 = -l*t - 3*f + 1893, 3*t - 5*f = t + 1241. Let m = t - 221. Is m a prime number?
False
Let m be (-15)/(-10)*4/3. Suppose 17 + 13 = -m*v. Is (-19 - v)*(0 - (-4106)/(-8)) prime?
True
Let p(h) = -1834*h - 10. Let z(w) = 1833*w + 9. Let k(m) = -5*p(m) - 6*z(m). Let s be k(-1). Let d = s + -1241. Is d a composite number?
True
Suppose 0 = -101*n - 2030897 + 6798804. Is n a composite number?
False
Suppose 1 = 2*g - 17. Let y = 31 - g. Let h = 1009 + y. Is h prime?
True
Suppose -3*u = 75 - 20094. Is u a composite number?
False
Let t be (4/10)/(2/20). Suppose -t*f + 17 = 1. Suppose -359 = -d + 5*v, f*v = 5*d - 2616 + 737. Is d a composite number?
False
Let k(j) = -j**3 - 4*j**2 + 21*j - 6. Let y be k(-7). Is ((-5218)/(-10))/(y*2/(-60)) composite?
False
Suppose 7*b - 107918 = 234893. Is b a composite number?
False
Let q = -354 - -527. Let c = 230 - q. Is c a composite number?
True
Let i = 5867 - 1566. Suppose 7*h + 52 = 3*h. Is 40/260 - i/h composite?
False
Suppose -292528 = -3*o + 5*j, 206664 = 4*o - j - 183413. Is o prime?
False
Suppose 3*l + 4506 = 3*c, -8*c + 6004 = -4*c - 5*l. Let g = 1144 - 1949. Let b = g + c. Is b a composite number?
False
Suppose -6*w = -20*w - 10*w + 12040824. Is w a prime number?
True
Suppose 21*r - 350475 = 6*r. Is 2/4*-42*r/(-15) composite?
True
Suppose -y + 4*y - 427 = -2*o, -5*o + 442 = 3*y. Suppose -138*v = -y*v + 1435. Suppose -u + v = 5*h, 493 + 368 = 3*h + 4*u. Is h a composite number?
True
Suppose 6*m = 4 - 28. Let k be (4 - (-16 + -4)/m)/(-1). Is (10 - 4523)*k*-1 a prime number?
True
Let a(j) = 1493312*j**2 - 507*j - 506. Is a(-1) a composite number?
True
Suppose -364 = -5*t - 2*d, -2*t - 4*d = 3*t - 368. Suppose -68*k - 2984 = -t*k. Is k prime?
False
Let k(l) = -833*l - 20. Is k(-9) prime?
True
Suppose 15*z - 4*z = 640035. Suppose 5*m - 5*t - z = 0, -14*t - 34915 = -3*m - 12*t. Is m prime?
False
Suppose -116*o - 7*o = 124*o - 104660569. Is o prime?
True
Is (161/(-21) + 8)*(1043903 + 16/4) a prime number?
True
Suppose -10*m + 88 = -52. Suppose m*h - 9*h - 7835 = 0. Is h a composite number?
False
Suppose -2*u + 3*x + 52512 = -164674, 2*u + 5*x = 217154. Is u a prime number?
True
Let g = 76223 - -25604. Is g composite?
True
Let j(x) = 105*x**3 - x**2 - x - 3. Let d be j(3). Suppose 0 = 5*c - 4*g + 3529, 4*g - d = 4*c - 0*c. Let a = 1016 + c. Is a a prime number?
True
Let u(v) = 11610*v - 1277. Is u(8) a prime number?
False
Let u be (-2225432)/(-28) + 1*10/35. Let g = u - 38937. Is g prime?
True
Suppose 6*a - 70456 = -2*z, 2*z - 55*a = -54*a + 70477. Is z a composite number?
True
Suppose -2*y + 84 = 12*y. Suppose -954 = y*s - 22968. Is s a prime number?
False
Suppose -16*q + 25330681 = 13*q - 19007970. Is q a composite number?
True
Suppose -5*s - 57 = 3*v, -3*s + 4*s = -5*v - 73. Is (-4)/v + ((-12736)/(-14) - 3) a prime number?
True
Let q(o) = -1710*o**3 + 8*o**2 - 35*o + 4. Is q(-5) a prime number?
True
Let y(p) = -p**2 - 14*p + 9. Let l be y(9). Let h = l - -1559. Is h a composite number?
False
Suppose 147*g = -64*g + 29960101. Is g prime?
True
Let y = -23573 - -13839. Is y/(-3)*10/(80/12) a prime number?
False
Suppose 0 = -5*u + 3*u + 8. Suppose u*x + 1 + 15 = 0. Let c(l) = -133*l - 11. Is c(x) a prime number?
True
Suppose 951 = t + 4*w, -2*w - 4645 = -7*t + 2*t. Let g = t - -12. Is g prime?
False
Suppose 76505 - 5573 = -6*s. Let q = s + 20709. Is q a composite number?
Fal